{"id":247,"date":"2020-02-13T14:34:11","date_gmt":"2020-02-13T13:34:11","guid":{"rendered":"http:\/\/testwebseite.wego-service.de\/?page_id=247"},"modified":"2020-02-26T20:46:33","modified_gmt":"2020-02-26T19:46:33","slug":"graffiti-entfernung","status":"publish","type":"page","link":"https:\/\/wego-service.de\/?page_id=247","title":{"rendered":"Graffiti Entfernung"},"content":{"rendered":"\n<p>Mit gut aufeinander abgestimmten Reinigungsmitteln unter Beachtung notwendigen Einwirkzeiten und entsprechenden Arbeitsabl\u00e4ufen, sowie Ger\u00e4ten und Maschinen, lassen sich auch hartn\u00e4ckige Graffitis r\u00fcckstandsfrei entfernen.&nbsp;<\/p>\n\n\n\n<p>Nachfolgend kann ein Graffiti-Schutz aufgetragen werden.<br><\/p>\n\n\n\n<p>Sprechen Sie uns an, wir beraten Sie gerne.<\/p>\n\n\n\n<div class=\"wp-block-group\"><div class=\"wp-block-group__inner-container is-layout-flow wp-block-group-is-layout-flow\">\n<figure class=\"wp-block-gallery aligncenter columns-2 is-cropped wp-block-gallery-1 is-layout-flex wp-block-gallery-is-layout-flex\"><ul class=\"blocks-gallery-grid\"><li class=\"blocks-gallery-item\"><figure><a href=\"http:\/\/testwebseite.wego-service.de\/wp-content\/uploads\/2020\/02\/G-01-1012x1024.jpg\"><img loading=\"lazy\" decoding=\"async\" width=\"1012\" height=\"1024\" src=\"http:\/\/testwebseite.wego-service.de\/wp-content\/uploads\/2020\/02\/G-01-1012x1024.jpg\" alt=\"\" data-id=\"487\" class=\"wp-image-487\" srcset=\"https:\/\/wego-service.de\/wp-content\/uploads\/2020\/02\/G-01-1012x1024.jpg 1012w, https:\/\/wego-service.de\/wp-content\/uploads\/2020\/02\/G-01-296x300.jpg 296w, https:\/\/wego-service.de\/wp-content\/uploads\/2020\/02\/G-01-768x777.jpg 768w, https:\/\/wego-service.de\/wp-content\/uploads\/2020\/02\/G-01-1517x1536.jpg 1517w, https:\/\/wego-service.de\/wp-content\/uploads\/2020\/02\/G-01-100x100.jpg 100w, https:\/\/wego-service.de\/wp-content\/uploads\/2020\/02\/G-01.jpg 1866w\" sizes=\"auto, (max-width: 767px) 89vw, (max-width: 1000px) 54vw, (max-width: 1071px) 543px, 580px\" \/><\/a><figcaption class=\"blocks-gallery-item__caption\">Vorher<\/figcaption><\/figure><\/li><li class=\"blocks-gallery-item\"><figure><a href=\"http:\/\/testwebseite.wego-service.de\/wp-content\/uploads\/2020\/02\/G-01_NachherFake.jpg\"><img loading=\"lazy\" decoding=\"async\" width=\"1012\" height=\"1024\" src=\"http:\/\/testwebseite.wego-service.de\/wp-content\/uploads\/2020\/02\/G-01_NachherFake.jpg\" alt=\"\" data-id=\"575\" data-full-url=\"http:\/\/testwebseite.wego-service.de\/wp-content\/uploads\/2020\/02\/G-01_NachherFake.jpg\" data-link=\"http:\/\/testwebseite.wego-service.de\/?attachment_id=575\" class=\"wp-image-575\" srcset=\"https:\/\/wego-service.de\/wp-content\/uploads\/2020\/02\/G-01_NachherFake.jpg 1012w, https:\/\/wego-service.de\/wp-content\/uploads\/2020\/02\/G-01_NachherFake-296x300.jpg 296w, https:\/\/wego-service.de\/wp-content\/uploads\/2020\/02\/G-01_NachherFake-768x777.jpg 768w, https:\/\/wego-service.de\/wp-content\/uploads\/2020\/02\/G-01_NachherFake-100x100.jpg 100w\" sizes=\"auto, (max-width: 767px) 89vw, (max-width: 1000px) 54vw, (max-width: 1071px) 543px, 580px\" \/><\/a><figcaption class=\"blocks-gallery-item__caption\">Nachher (Bildbearbeitungsprogramm)<\/figcaption><\/figure><\/li><li class=\"blocks-gallery-item\"><figure><a href=\"http:\/\/testwebseite.wego-service.de\/wp-content\/uploads\/2020\/02\/G-02-564x1024.jpg\"><img loading=\"lazy\" decoding=\"async\" width=\"564\" height=\"1024\" src=\"http:\/\/testwebseite.wego-service.de\/wp-content\/uploads\/2020\/02\/G-02-564x1024.jpg\" alt=\"\" data-id=\"488\" data-link=\"http:\/\/testwebseite.wego-service.de\/?attachment_id=488\" class=\"wp-image-488\" srcset=\"https:\/\/wego-service.de\/wp-content\/uploads\/2020\/02\/G-02-564x1024.jpg 564w, https:\/\/wego-service.de\/wp-content\/uploads\/2020\/02\/G-02-165x300.jpg 165w, https:\/\/wego-service.de\/wp-content\/uploads\/2020\/02\/G-02-768x1396.jpg 768w, https:\/\/wego-service.de\/wp-content\/uploads\/2020\/02\/G-02-845x1536.jpg 845w, https:\/\/wego-service.de\/wp-content\/uploads\/2020\/02\/G-02.jpg 1061w\" sizes=\"auto, (max-width: 564px) 100vw, 564px\" \/><\/a><\/figure><\/li><li class=\"blocks-gallery-item\"><figure><a href=\"http:\/\/testwebseite.wego-service.de\/wp-content\/uploads\/2020\/02\/G-03-901x1024.jpg\"><img decoding=\"async\" src=\"http:\/\/testwebseite.wego-service.de\/wp-content\/uploads\/2020\/02\/G-03-901x1024.jpg\" alt=\"\" data-id=\"489\" data-link=\"http:\/\/testwebseite.wego-service.de\/?attachment_id=489\" class=\"wp-image-489\"\/><\/a><figcaption class=\"blocks-gallery-item__caption\">Mit Beschichtung<\/figcaption><\/figure><\/li><\/ul><\/figure>\n<\/div><\/div>\n","protected":false},"excerpt":{"rendered":"<p>Mit gut aufeinander abgestimmten Reinigungsmitteln unter Beachtung notwendigen Einwirkzeiten und entsprechenden Arbeitsabl\u00e4ufen, sowie Ger\u00e4ten und Maschinen, lassen sich auch hartn\u00e4ckige Graffitis r\u00fcckstandsfrei entfernen.&nbsp; Nachfolgend kann ein Graffiti-Schutz aufgetragen werden.<\/p>\n","protected":false},"author":1,"featured_media":500,"parent":235,"menu_order":0,"comment_status":"closed","ping_status":"closed","template":"","meta":{"footnotes":""},"class_list":["post-247","page","type-page","status-publish","has-post-thumbnail","hentry"],"yoast_head":"<!-- This site is optimized with the Yoast SEO plugin v24.4 - https:\/\/yoast.com\/wordpress\/plugins\/seo\/ -->\n<title>Graffiti Entfernung | WeGo-Service.de<\/title>\n<meta name=\"description\" content=\"Dienstleistungen rund um Ihre Immobilie - Sonnen und Insektenschutz, Markisen, Hausmeisterservice, Geb\u00e4udereinigung, Winterdienst, Pflasterarbeiten, uvm. Beste\" \/>\n<meta name=\"robots\" content=\"index, follow, max-snippet:-1, max-image-preview:large, max-video-preview:-1\" \/>\n<link rel=\"canonical\" href=\"https:\/\/wego-service.de\/?page_id=247\" \/>\n<meta property=\"og:locale\" content=\"de_DE\" \/>\n<meta property=\"og:type\" content=\"article\" \/>\n<meta property=\"og:title\" content=\"Graffiti Entfernung | WeGo-Service.de\" \/>\n<meta property=\"og:description\" content=\"Dienstleistungen rund um Ihre Immobilie - Sonnen und Insektenschutz, Markisen, Hausmeisterservice, Geb\u00e4udereinigung, Winterdienst, Pflasterarbeiten, uvm. Beste\" \/>\n<meta property=\"og:url\" content=\"https:\/\/wego-service.de\/?page_id=247\" \/>\n<meta property=\"og:site_name\" content=\"DER IMMOBILIENDIENSTLEISTER\" \/>\n<meta property=\"article:modified_time\" content=\"2020-02-26T19:46:33+00:00\" \/>\n<meta property=\"og:image\" content=\"https:\/\/wego-service.de\/wp-content\/uploads\/2020\/02\/G-03_Titelbild-1.jpg\" \/>\n\t<meta property=\"og:image:width\" content=\"1122\" \/>\n\t<meta property=\"og:image:height\" content=\"197\" \/>\n\t<meta property=\"og:image:type\" content=\"image\/jpeg\" \/>\n<meta name=\"twitter:card\" content=\"summary_large_image\" \/>\n<script type=\"application\/ld+json\" class=\"yoast-schema-graph\">{\"@context\":\"https:\/\/schema.org\",\"@graph\":[{\"@type\":\"WebPage\",\"@id\":\"https:\/\/wego-service.de\/?page_id=247\",\"url\":\"https:\/\/wego-service.de\/?page_id=247\",\"name\":\"Graffiti Entfernung | WeGo-Service.de\",\"isPartOf\":{\"@id\":\"https:\/\/wego-service.de\/#website\"},\"primaryImageOfPage\":{\"@id\":\"https:\/\/wego-service.de\/?page_id=247#primaryimage\"},\"image\":{\"@id\":\"https:\/\/wego-service.de\/?page_id=247#primaryimage\"},\"thumbnailUrl\":\"https:\/\/wego-service.de\/wp-content\/uploads\/2020\/02\/G-03_Titelbild-1.jpg\",\"datePublished\":\"2020-02-13T13:34:11+00:00\",\"dateModified\":\"2020-02-26T19:46:33+00:00\",\"description\":\"Dienstleistungen rund um Ihre Immobilie - Sonnen und Insektenschutz, Markisen, Hausmeisterservice, Geb\u00e4udereinigung, Winterdienst, Pflasterarbeiten, uvm. Beste\",\"breadcrumb\":{\"@id\":\"https:\/\/wego-service.de\/?page_id=247#breadcrumb\"},\"inLanguage\":\"de\",\"potentialAction\":[{\"@type\":\"ReadAction\",\"target\":[\"https:\/\/wego-service.de\/?page_id=247\"]}]},{\"@type\":\"ImageObject\",\"inLanguage\":\"de\",\"@id\":\"https:\/\/wego-service.de\/?page_id=247#primaryimage\",\"url\":\"https:\/\/wego-service.de\/wp-content\/uploads\/2020\/02\/G-03_Titelbild-1.jpg\",\"contentUrl\":\"https:\/\/wego-service.de\/wp-content\/uploads\/2020\/02\/G-03_Titelbild-1.jpg\",\"width\":1122,\"height\":197},{\"@type\":\"BreadcrumbList\",\"@id\":\"https:\/\/wego-service.de\/?page_id=247#breadcrumb\",\"itemListElement\":[{\"@type\":\"ListItem\",\"position\":1,\"name\":\"Startseite\",\"item\":\"https:\/\/wego-service.de\/\"},{\"@type\":\"ListItem\",\"position\":2,\"name\":\"Dienstleistungen\",\"item\":\"https:\/\/wego-service.de\/?page_id=102\"},{\"@type\":\"ListItem\",\"position\":3,\"name\":\"Geb\u00e4udedienste\",\"item\":\"https:\/\/wego-service.de\/?page_id=14\"},{\"@type\":\"ListItem\",\"position\":4,\"name\":\"Geb\u00e4udereinigung\",\"item\":\"https:\/\/wego-service.de\/?page_id=235\"},{\"@type\":\"ListItem\",\"position\":5,\"name\":\"Graffiti Entfernung\"}]},{\"@type\":\"WebSite\",\"@id\":\"https:\/\/wego-service.de\/#website\",\"url\":\"https:\/\/wego-service.de\/\",\"name\":\"DER IMMOBILIENDIENSTLEISTER\",\"description\":\"\",\"publisher\":{\"@id\":\"https:\/\/wego-service.de\/#organization\"},\"potentialAction\":[{\"@type\":\"SearchAction\",\"target\":{\"@type\":\"EntryPoint\",\"urlTemplate\":\"https:\/\/wego-service.de\/?s={search_term_string}\"},\"query-input\":{\"@type\":\"PropertyValueSpecification\",\"valueRequired\":true,\"valueName\":\"search_term_string\"}}],\"inLanguage\":\"de\"},{\"@type\":\"Organization\",\"@id\":\"https:\/\/wego-service.de\/#organization\",\"name\":\"WeGo Service\",\"url\":\"https:\/\/wego-service.de\/\",\"logo\":{\"@type\":\"ImageObject\",\"inLanguage\":\"de\",\"@id\":\"https:\/\/wego-service.de\/#\/schema\/logo\/image\/\",\"url\":\"https:\/\/wego-service.de\/wp-content\/uploads\/2020\/02\/cropped-LogoWegoService_Schatten3wei\u00df.png\",\"contentUrl\":\"https:\/\/wego-service.de\/wp-content\/uploads\/2020\/02\/cropped-LogoWegoService_Schatten3wei\u00df.png\",\"width\":581,\"height\":250,\"caption\":\"WeGo Service\"},\"image\":{\"@id\":\"https:\/\/wego-service.de\/#\/schema\/logo\/image\/\"}}]}<\/script>\n<!-- \/ Yoast SEO plugin. -->","yoast_head_json":{"title":"Graffiti Entfernung | WeGo-Service.de","description":"Dienstleistungen rund um Ihre Immobilie - Sonnen und Insektenschutz, Markisen, Hausmeisterservice, Geb\u00e4udereinigung, Winterdienst, Pflasterarbeiten, uvm. Beste","robots":{"index":"index","follow":"follow","max-snippet":"max-snippet:-1","max-image-preview":"max-image-preview:large","max-video-preview":"max-video-preview:-1"},"canonical":"https:\/\/wego-service.de\/?page_id=247","og_locale":"de_DE","og_type":"article","og_title":"Graffiti Entfernung | WeGo-Service.de","og_description":"Dienstleistungen rund um Ihre Immobilie - Sonnen und Insektenschutz, Markisen, Hausmeisterservice, Geb\u00e4udereinigung, Winterdienst, Pflasterarbeiten, uvm. Beste","og_url":"https:\/\/wego-service.de\/?page_id=247","og_site_name":"DER IMMOBILIENDIENSTLEISTER","article_modified_time":"2020-02-26T19:46:33+00:00","og_image":[{"width":1122,"height":197,"url":"https:\/\/wego-service.de\/wp-content\/uploads\/2020\/02\/G-03_Titelbild-1.jpg","type":"image\/jpeg"}],"twitter_card":"summary_large_image","schema":{"@context":"https:\/\/schema.org","@graph":[{"@type":"WebPage","@id":"https:\/\/wego-service.de\/?page_id=247","url":"https:\/\/wego-service.de\/?page_id=247","name":"Graffiti Entfernung | WeGo-Service.de","isPartOf":{"@id":"https:\/\/wego-service.de\/#website"},"primaryImageOfPage":{"@id":"https:\/\/wego-service.de\/?page_id=247#primaryimage"},"image":{"@id":"https:\/\/wego-service.de\/?page_id=247#primaryimage"},"thumbnailUrl":"https:\/\/wego-service.de\/wp-content\/uploads\/2020\/02\/G-03_Titelbild-1.jpg","datePublished":"2020-02-13T13:34:11+00:00","dateModified":"2020-02-26T19:46:33+00:00","description":"Dienstleistungen rund um Ihre Immobilie - Sonnen und Insektenschutz, Markisen, Hausmeisterservice, Geb\u00e4udereinigung, Winterdienst, Pflasterarbeiten, uvm. Beste","breadcrumb":{"@id":"https:\/\/wego-service.de\/?page_id=247#breadcrumb"},"inLanguage":"de","potentialAction":[{"@type":"ReadAction","target":["https:\/\/wego-service.de\/?page_id=247"]}]},{"@type":"ImageObject","inLanguage":"de","@id":"https:\/\/wego-service.de\/?page_id=247#primaryimage","url":"https:\/\/wego-service.de\/wp-content\/uploads\/2020\/02\/G-03_Titelbild-1.jpg","contentUrl":"https:\/\/wego-service.de\/wp-content\/uploads\/2020\/02\/G-03_Titelbild-1.jpg","width":1122,"height":197},{"@type":"BreadcrumbList","@id":"https:\/\/wego-service.de\/?page_id=247#breadcrumb","itemListElement":[{"@type":"ListItem","position":1,"name":"Startseite","item":"https:\/\/wego-service.de\/"},{"@type":"ListItem","position":2,"name":"Dienstleistungen","item":"https:\/\/wego-service.de\/?page_id=102"},{"@type":"ListItem","position":3,"name":"Geb\u00e4udedienste","item":"https:\/\/wego-service.de\/?page_id=14"},{"@type":"ListItem","position":4,"name":"Geb\u00e4udereinigung","item":"https:\/\/wego-service.de\/?page_id=235"},{"@type":"ListItem","position":5,"name":"Graffiti Entfernung"}]},{"@type":"WebSite","@id":"https:\/\/wego-service.de\/#website","url":"https:\/\/wego-service.de\/","name":"DER IMMOBILIENDIENSTLEISTER","description":"","publisher":{"@id":"https:\/\/wego-service.de\/#organization"},"potentialAction":[{"@type":"SearchAction","target":{"@type":"EntryPoint","urlTemplate":"https:\/\/wego-service.de\/?s={search_term_string}"},"query-input":{"@type":"PropertyValueSpecification","valueRequired":true,"valueName":"search_term_string"}}],"inLanguage":"de"},{"@type":"Organization","@id":"https:\/\/wego-service.de\/#organization","name":"WeGo Service","url":"https:\/\/wego-service.de\/","logo":{"@type":"ImageObject","inLanguage":"de","@id":"https:\/\/wego-service.de\/#\/schema\/logo\/image\/","url":"https:\/\/wego-service.de\/wp-content\/uploads\/2020\/02\/cropped-LogoWegoService_Schatten3wei\u00df.png","contentUrl":"https:\/\/wego-service.de\/wp-content\/uploads\/2020\/02\/cropped-LogoWegoService_Schatten3wei\u00df.png","width":581,"height":250,"caption":"WeGo Service"},"image":{"@id":"https:\/\/wego-service.de\/#\/schema\/logo\/image\/"}}]}},"_links":{"self":[{"href":"https:\/\/wego-service.de\/index.php?rest_route=\/wp\/v2\/pages\/247","targetHints":{"allow":["GET"]}}],"collection":[{"href":"https:\/\/wego-service.de\/index.php?rest_route=\/wp\/v2\/pages"}],"about":[{"href":"https:\/\/wego-service.de\/index.php?rest_route=\/wp\/v2\/types\/page"}],"author":[{"embeddable":true,"href":"https:\/\/wego-service.de\/index.php?rest_route=\/wp\/v2\/users\/1"}],"replies":[{"embeddable":true,"href":"https:\/\/wego-service.de\/index.php?rest_route=%2Fwp%2Fv2%2Fcomments&post=247"}],"version-history":[{"count":15,"href":"https:\/\/wego-service.de\/index.php?rest_route=\/wp\/v2\/pages\/247\/revisions"}],"predecessor-version":[{"id":576,"href":"https:\/\/wego-service.de\/index.php?rest_route=\/wp\/v2\/pages\/247\/revisions\/576"}],"up":[{"embeddable":true,"href":"https:\/\/wego-service.de\/index.php?rest_route=\/wp\/v2\/pages\/235"}],"wp:featuredmedia":[{"embeddable":true,"href":"https:\/\/wego-service.de\/index.php?rest_route=\/wp\/v2\/media\/500"}],"wp:attachment":[{"href":"https:\/\/wego-service.de\/index.php?rest_route=%2Fwp%2Fv2%2Fmedia&parent=247"}],"curies":[{"name":"wp","href":"https:\/\/api.w.org\/{rel}","templated":true}]}}